
List the prime factors of 27112677.
3, 19, 131, 3631
What are the prime factors of 3714399107?
179, 2861, 7253
List the prime factors of 3533405123.
3533405123
What are the prime factors of 3514542298?
2, 16561, 106109
What are the prime factors of 202685263?
11, 29, 41, 15497
What are the prime factors of 281711678?
2, 193, 229, 3187
List the prime factors of 480754458.
2, 3, 17, 1571093
What are the prime factors of 2151595892?
2, 47, 227, 50417
List the prime factors of 3147529882.
2, 7, 31, 7252373
What are the prime factors of 88585103?
88585103
List the prime factors of 108574180.
2, 5, 11, 13, 37963
What are the prime factors of 427484792?
2, 7, 31, 246247
List the prime factors of 704249852.
2, 71, 191, 12983
List the prime factors of 188820655.
5, 37764131
List the prime factors of 667846741.
181, 3689761
List the prime factors of 543024019.
543024019
What are the prime factors of 5415755?
5, 1083151
List the prime factors of 1555279541.
29, 53, 1011893
What are the prime factors of 1310767156?
2, 683, 479783
What are the prime factors of 625167840?
2, 3, 5, 11, 167, 709
List the prime factors of 75368543.
75368543
What are the prime factors of 2139857824?
2, 13, 19, 14249
List the prime factors of 12089303.
373, 32411
List the prime factors of 3701105948.
2, 61, 173, 87679
List the prime factors of 1816826730.
2, 3, 5, 179, 193, 1753
What are the prime factors of 2929865779?
607, 4826797
What are the prime factors of 1694818346?
2, 13, 65185321
What are the prime factors of 348060217?
109, 3193213
List the prime factors of 253560429.
3, 1733, 5419
List the prime factors of 2181761462.
2, 23, 31, 37, 41351
What are the prime factors of 96395005?
5, 7, 56207
List the prime factors of 1257321743.
1257321743
List the prime factors of 1655352219.
3, 19, 29, 887, 1129
What are the prime factors of 3668127087?
3, 1222709029
List the prime factors of 3741840.
2, 3, 5, 5197
What are the prime factors of 38032153?
38032153
What are the prime factors of 7261244714?
2, 17, 149, 1433329
List the prime factors of 638514453.
3, 227, 937613
What are the prime factors of 2958370314?
2, 3, 61, 1361, 5939
What are the prime factors of 20042113?
7, 13, 220243
List the prime factors of 22060755.
3, 5, 67, 271
What are the prime factors of 748897014?
2, 3, 124816169
What are the prime factors of 108342563?
7, 15477509
What are the prime factors of 113450321?
41, 2767081
What are the prime factors of 1323436987?
1323436987
What are the prime factors of 202587747?
3, 19, 3554171
List the prime factors of 242355027.
3, 80785009
List the prime factors of 67268446.
2, 7, 4804889
List the prime factors of 4161396609.
3, 73, 6333937
List the prime factors of 145253343.
3, 48417781
What are the prime factors of 4276640694?
2, 3, 712773449
List the prime factors of 1623010126.
2, 6997, 115979
List the prime factors of 133273582.
2, 13, 5125907
What are the prime factors of 4570742303?
4570742303
List the prime factors of 487115521.
19, 25637659
What are the prime factors of 78122439?
3, 503, 17257
What are the prime factors of 10127986?
2, 11, 613, 751
What are the prime factors of 40263719?
40263719
List the prime factors of 7215777.
3, 31, 37, 233
What are the prime factors of 165921077?
7, 2141, 11071
What are the prime factors of 972714899?
13, 19, 3938117
What are the prime factors of 19507448?
2, 277, 8803
List the prime factors of 9210250.
2, 5, 7, 19, 277
What are the prime factors of 1618019305?
5, 7, 491, 94153
What are the prime factors of 42673094?
2, 17, 29, 113, 383
What are the prime factors of 3440503507?
7, 23, 3023, 7069
What are the prime factors of 199487401?
17, 821, 14293
List the prime factors of 921554.
2, 460777
List the prime factors of 2597564188.
2, 5039, 128873
List the prime factors of 497542842.
2, 3, 17, 113, 14389
What are the prime factors of 197092141?
31, 6357811
What are the prime factors of 69392780?
2, 5, 3469639
List the prime factors of 57649981.
683, 84407
List the prime factors of 70523461.
269, 409, 641
What are the prime factors of 202271540?
2, 5, 3109, 3253
What are the prime factors of 840635080?
2, 5, 1523, 13799
What are the prime factors of 6038394239?
29, 43, 97, 49921
What are the prime factors of 8949967?
13, 23, 37, 809
List the prime factors of 70490831.
79, 103, 8663
What are the prime factors of 2451834620?
2, 5, 122591731
List the prime factors of 373675332.
2, 3, 43, 653, 1109
List the prime factors of 800662738.
2, 5297, 75577
What are the prime factors of 47081554?
2, 13, 101, 17929
What are the prime factors of 241330880?
2, 5, 7, 15391
What are the prime factors of 166731845?
5, 7, 67, 97, 733
What are the prime factors of 42656309?
73, 167, 3499
List the prime factors of 18896099.
1409, 13411
List the prime factors of 1017997995.
3, 5, 7, 17, 31, 18397
List the prime factors of 203630116.
2, 50907529
What are the prime factors of 1220488657?
1220488657
What are the prime factors of 293973895?
5, 41, 1434019
What are the prime factors of 44180280?
2, 3, 5, 17, 7219
What are the prime factors of 98669380?
2, 5, 37, 133337
What are the prime factors of 1206797798?
2, 4637, 130127
What are the prime factors of 15087903?
3, 89, 56509
List the prime factors of 148791800.
2, 5, 37, 20107
What are the prime factors of 531773970?
2, 3, 5, 7, 13, 27827
List the prime factors of 176869677.
3, 58956559
What are the prime factors of 43223046?
2, 3, 59, 122099
What are the prime factors of 952565974?
2, 59, 8072593
What are the prime factors of 295617487?
11, 919, 29243
What are the prime factors of 22953495?
3, 5, 1530233
What are the prime factors of 1156019674?
2, 1163, 496999
List the prime factors of 902896095.
3, 5, 17, 263, 13463
What are the prime factors of 54836324?
2, 23, 596047
List the prime factors of 18024928.
2, 97, 5807
List the prime factors of 14896575.
3, 5, 29, 761
List the prime factors of 6759115735.
5, 18427, 73361
List the prime factors of 3800414.
2, 31, 61297
What are the prime factors of 41182838?
2, 4493, 4583
What are the prime factors of 1526961957?
3, 263, 1935313
List the prime factors of 1195411707.
3, 7, 563, 33703
List the prime factors of 2339998907.
2339998907
List the prime factors of 381287108.
2, 95321777
What are the prime factors of 492327465?
3, 5, 7, 2083, 2251
List the prime factors of 11545219.
7, 29, 56873
What are the prime factors of 3927288?
2, 3, 163637
What are the prime factors of 1106408861?
151, 7327211
What are the prime factors of 83090292?
2, 3, 31, 223361
What are the prime factors of 27860161?
7, 17, 103, 2273
What are the prime factors of 1081797717?
3, 7, 11, 13, 32749
What are the prime factors of 311745806?
2, 19, 71, 115547
List the prime factors of 5953739210.
2, 5, 22343, 26647
What are the prime factors of 2683823016?
2, 3, 7, 31, 311, 1657
What are the prime factors of 487363940?
2, 5, 7, 3481171
List the prime factors of 4835542760.
2, 5, 67, 1804307
List the prime factors of 1409930450.
2, 5, 28198609
List the prime factors of 1581877047.
3, 17, 41, 44501
List the prime factors of 158674839.
3, 199, 265787
List the prime factors of 4699393.
4699393
What are the prime factors of 979309763?
4733, 206911
What are the prime factors of 1369243760?
2, 5, 137, 271, 461
What are the prime factors of 1290676061?
19, 67930319
List the prime factors of 8731389000.
2, 3, 5, 2910463
List the prime factors of 8191528.
2, 1023941
List the prime factors of 2315696023.
29, 37, 74419
List the prime factors of 494194656.
2, 3, 179, 28759
What are the prime factors of 523977391?
7, 1153, 64921
What are the prime factors of 2580510461?
17, 23, 1571, 4201
What are the prime factors of 855290782?
2, 103, 727, 5711
What are the prime factors of 313090311?
3, 104363437
List the prime factors of 2993955140.
2, 5, 11, 3469, 3923
List the prime factors of 168974893.
31, 37, 147319
List the prime factors of 185923206.
2, 3, 7, 463, 3187
List the prime factors of 32282267.
32282267
List the prime factors of 817129281.
3, 9923, 27449
List the prime factors of 2505192369.
3, 17, 3121, 15739
List the prime factors of 708543153.
3, 17, 379, 4073
What are the prime factors of 369577655?
5, 2927, 25253
What are the prime factors of 454514397?
3, 17, 41, 217367
List the pri